 c is divided by 14.
11
Suppose -2*a - 12 = -3*v + 5, 0 = a - 2. Suppose -242*p + 201*p = -697. Calculate the remainder when p is divided by v.
3
Let i = 6 - 4. Suppose 363*z = 368*z + 850. Let o = 179 + z. What is the remainder when o is divided by i?
1
Calculate the remainder when 947 is divided by ((342/60)/(9/84))/(4/10).
16
Let a(s) = -s**3 - 52*s**2 - 514*s - 34. What is the remainder when 17040 is divided by a(-13)?
54
Let c = -10689 + 10704. Suppose 5*h - 3*t = 230, h - 3*t - 29 = t. Calculate the remainder when h is divided by c.
4
Suppose 0 = -2*q + 3*m - 155, 0*m - 78 = q - 2*m. Let k = q - -98. Calculate the remainder when 143 is divided by k.
11
Let q(b) = 61*b - 91. Calculate the remainder when q(2) is divided by 14.
3
Suppose -a - 289 + 197 = -3*u, -4 = 2*a. What is the remainder when 104 is divided by u?
14
Let y be (1*(-9 + 7))/((-2)/(-21)). Calculate the remainder when 92 is divided by 9/(-1)*(5 - (-119)/y).
2
Let l = 4464 + -4456. Calculate the remainder when 32 is divided by l.
0
Let s(w) = w**2 - w - 1. Suppose 5*r = j, -j + 18 = 2*r + 11. Calculate the remainder when s(2) is divided by r.
0
Suppose -r - 13*f - 20 = 0, -5*r = 4*f - 8*f - 107. Calculate the remainder when 1234 is divided by r.
18
What is the remainder when 1113 is divided by (180/24 + 1)*2?
8
Let x = -21328 + 24092. What is the remainder when x is divided by 163?
156
Let j(l) = -3*l - 2. Let c be j(-2). Suppose -3 = c*n - 11. Suppose -18 = -0*q - n*q. What is the remainder when 14 is divided by q?
5
Suppose -12*d + 100 = -7*d. Let k = -20 + 27. Suppose k*b + 222 = 10*b. What is the remainder when b is divided by d?
14
Suppose -58*o + 54*o + 968 = 0. Suppose 319 = 11*z - o. What is the remainder when 356 is divided by z?
50
Let b(g) = g + 2. Let d be b(0). Suppose d*y - 24 - 14 = 0. Suppose 6 = -25*x + 23*x, -5*z + 5*x = -65. Calculate the remainder when y is divided by z.
9
Suppose -3*g - 4 = -4*g. Let b(j) = 30*j**2 + 16*j + 16. Let k be b(-1). Suppose -5*m - k = -115. What is the remainder when m is divided by g?
1
Suppose 4*n - 241 = -5*k, 0 = -n + 4*k - 0 + 34. Let p(f) = 10*f**3 + 11*f**2 - 13*f - 7. Calculate the remainder when p(3) is divided by n.
53
Suppose 0 = -q + 5*i + 623, -10*q + 624 = -9*q - 6*i. Calculate the remainder when q is divided by 27.
24
Let i(t) = 2*t**2 - 4*t - 9. Let l be 2 - (-1)/(3/156). Let a = l - 49. What is the remainder when 77 is divided by i(a)?
14
Let o be 1 - 33/4 - (-6)/(-8). Calculate the remainder when 136 is divided by (-2168)/(-32) + (-10)/o.
67
Suppose -5*b + 37 = -3. Calculate the remainder when ((-5)/3)/((-1)/21) is divided by 48/b - -3 - -11.
15
Suppose -3*z = -4*z - 5*l + 12, 5*l + 173 = 4*z. Calculate the remainder when 152 is divided by z.
4
Suppose -40*j - 49*j + 21841 = -83357. Calculate the remainder when j is divided by 33.
27
Suppose -22*h = -37*h + 697 + 5258. What is the remainder when 1209 is divided by h?
18
Suppose -4*h + 820 = -4*b, -3*b + 2*h - 821 = -201. Let m = -13 + 21. What is the remainder when 2*(b/(-12) + -3) is divided by m?
5
Suppose -20 = -10*y + 10. Suppose y*p + 0*p = 9. Suppose 5*v - v - 16 = 0, o + p*v - 15 = 0. Calculate the remainder when 23 is divided by o.
2
Suppose -3*h - t = -95, 285*h = 281*h - 5*t + 134. Calculate the remainder when 1826 is divided by h.
28
Suppose -585 = -k - 5*t, -3*k - 89*t = -93*t - 1622. Calculate the remainder when k is divided by 209.
132
Let k = 320 - 147. Calculate the remainder when k is divided by 20/(((-128)/88)/(-4)).
8
Suppose 0 = 8*n + 1160 - 2784. Calculate the remainder when 1470 is divided by n.
49
Let h(y) = -y**2 - 5*y + 20. Let f = -20 + 23. Suppose 0 = -9*o + f*o - 42. Calculate the remainder when 10 is divided by h(o).
4
Let b be 90/(-25)*20/(-6). Let d(t) = 83*t - 397. Let g be d(6). Suppose b*m - g = 307. Calculate the remainder when m is divided by 14.
6
Let l = -28 + 160. Let f = 190 - l. What is the remainder when f is divided by 10?
8
Suppose -13*c + 276 = 14*c - 48. What is the remainder when ((-42)/10)/((-2)/10) is divided by c?
9
Let t(q) = 20*q**2 - 22*q. Suppose -3 = -2*f + 3. Suppose -n + 1 = -12. What is the remainder when t(f) is divided by n?
10
Suppose -6*v = -11*v - 5. Suppose -2*b - 229 = -5*l, 10*l = 8*l - 2*b + 100. Calculate the remainder when l is divided by v/5 - (-101)/5.
7
Let k(j) = 4*j + 3. Let r be k(-1). Let t be (-39)/18 - r/6. What is the remainder when 11 is divided by (35/25)/((-2)/5)*t?
4
Calculate the remainder when 1196 is divided by (2/4)/((-142)/(-3124)).
8
Suppose -5*w = -2*w - 93. Suppose 3*k = 3*z + 24, 2 = 3*k + 5*z - 14. Suppose 0 = k*i - 5*i - 116. What is the remainder when i is divided by w?
27
Let a = 14 - 113. Suppose -6*z - z - 1020 = 13*z. Let x = z - a. What is the remainder when 140 is divided by x?
44
Calculate the remainder when 8667 is divided by (-2)/(-8)*(-1)/2 - (-6123)/24.
252
Let g(n) = 28*n + 312. Let k(f) = 2*f - 1. Let b be k(1). Suppose -4*h + 5*h - b = 0. What is the remainder when g(-11) is divided by h?
0
Calculate the remainder when 3134 is divided by 52 - (10 + 165/(-11)).
56
Let x(h) = -6*h**2 - 150*h + 3018. Let l = 241 + -31. Calculate the remainder when l is divided by x(13).
48
What is the remainder when 225 is divided by (-71)/((-2)/(-1) - (-5 + 220/30))?
12
Suppose -3*s = 23 - 104. Suppose -a + 8 = -s. Suppose 2*u - 5 = a. What is the remainder when 57 is divided by u?
17
Calculate the remainder when 70/(-735) + 48347/273 is divided by 3.
0
Let l(v) = -15*v**2 + 20*v - 52. Let p(c) = 28*c**2 - 41*c + 102. Let a(k) = -11*l(k) - 6*p(k). Calculate the remainder when 319 is divided by a(4).
15
Let n = -2034 + 2528. What is the remainder when n is divided by 120?
14
Suppose 0 = 6*b - 15 + 33. Let c be (-34)/(-6) + 2/b. What is the remainder when 3/c + 3402/30 + -4 is divided by 29?
23
Let f(a) = -a**3 + 14*a**2 - 22*a - 22. Let k be f(12). Let j(c) = 7 - 4*c - 8*c**2 + 14*c**k - 21 - 5*c**2. Calculate the remainder when 21 is divided by j(7).
0
Calculate the remainder when ((-420)/63)/((-8)/1116) is divided by 49.
48
Suppose -g = -2*g + 2. Let w(x) = -12 - 4*x**2 + 5*x**g - 22*x + 5*x - 2*x**2. What is the remainder when 11 is divided by w(-16)?
3
Suppose 74*y + 63480 = 44*y + 166470. What is the remainder when y is divided by 15?
13
Suppose 52*s - 1664 = 9*s - 9*s. What is the remainder when 1373 is divided by s?
29
Let a = -793 - -829. Suppose -a*h + 818 = -6742. Calculate the remainder when h is divided by 22.
12
What is the remainder when 18/((-684)/15713)*-4 is divided by 240?
214
Let d be 11/110 - 2/20. What is the remainder when 123 is divided by (2 + d)*(18 + -5)?
19
Let q = 3 - -27. Let y = 54 - q. Suppose -4*n + 65 - 5 = 2*u, 0 = -4*n - 5*u + 72. What is the remainder when y is divided by n?
11
Suppose 15*z - 4 = 14*z. Suppose 4*u - 12 = -4, 2*x + z*u - 104 = 0. What is the remainder when 189 is divided by x?
45
Suppose -169*g = -166*g - 99. Let m be (-4)/18 + 10104/27. Calculate the remainder when m/6 - (-2)/(-6) is divided by g.
29
Suppose 3728*y = 3709*y + 3762. Calculate the remainder when y is divided by 19.
8
Suppose 2*x = -n - x + 138, 0 = -3*n + 2*x + 359. Let k = -226 - -87. Let q = k + 170. What is the remainder when n is divided by q?
30
Suppose 2*w = 27*w - 2400. What is the remainder when 197 is divided by w?
5
Suppose 0 = -608*n + 614*n - 12. Calculate the remainder when 404 is divided by n.
0
Let j be 2/(-4)*(4 + -18). Suppose -349 = -j*y + 78. Suppose 3*l = 15, 5*l - 68 - 85 = -4*a. Calculate the remainder when y is divided by a.
29
Let i = -462 - -507. Suppose i = 17*l - 14*l. Calculate the remainder when 42 is divided by l.
12
Let v(r) = r**2 + 12*r + 48. Suppose -15 = -3*n, 4*n = -5*o + 6*n - 10. Suppose o = 4*s - 26 - 10. What is the remainder when v(-4) is divided by s?
7
Let c = 3157 - 2913. Calculate the remainder when c is divided by 127.
117
Let r = -41 - -218. Suppose -7*t + 201 + r = 0. Suppose 4*s - 26 - t = 0. Calculate the remainder when 99 is divided by s.
19
Let x = -446 + 461. Let b be ((-7)/4)/(6/(-48)). Suppose -4*t + 2*u = -0*u - 42, b = 3*t + 2*u. Calculate the remainder when x is divided by t.
7
Suppose a + y = 6, 17*y = -a + 15*y + 6. What is the remainder when 107 is divided by a?
5
Let d(p) = -7 - 11*p + 3 + 